late the remainder when 248/(-6)*(-12)/8 is divided by d.
14
Let i = 2 + 119. Let f = i + -50. Calculate the remainder when f is divided by 24.
23
Suppose 2*r + 2*y = 7*r - 277, 2*y = -2. Calculate the remainder when 604 is divided by r.
54
Suppose -16*t = t - 238. Suppose -275 = -0*g - 5*g. Calculate the remainder when g is divided by t.
13
Let x = 66 + -56. Calculate the remainder when 35 is divided by x.
5
Let n = -12 - -1. Calculate the remainder when 105 is divided by (n + 12)*3*9.
24
Let x be (-49)/(-2) - 3/6. What is the remainder when 48 is divided by (-200)/x*(0 - 3)?
23
What is the remainder when 138 is divided by (-98)/(-6) + 2 + 70/(-30)?
10
Suppose -2 + 4 = r. What is the remainder when 9 is divided by (-5)/(-5 + 2 + r)?
4
Let b = 13 + 19. Suppose -b = -z - 1. Suppose -2*a - 40 = -7*a. Calculate the remainder when z is divided by a.
7
Let y be 1*(3 + 1 - 0). Suppose 7 = y*a - 3*a. What is the remainder when 22 is divided by a?
1
Let o(g) = g**2 - 8*g - 6. Let h be o(9). Suppose -h*d + 11 = -52. Suppose -2*b + 5*b = 120. Calculate the remainder when b is divided by d.
19
Let s = -2 + 22. Let k be (-29)/(-9) - s/90. Suppose -5*g = -2*m - 18, k*m = -4*g + m. What is the remainder when 7 is divided by g?
1
Suppose w + 0 = -3*r + 3, 2*w = 4*r + 6. Suppose -23 = -w*g + 46. Let y = g - 2. What is the remainder when 62 is divided by y?
20
Let r be (-33)/(-22)*10/3. Suppose -r*x + 3 = -22. What is the remainder when 18 is divided by x?
3
Let w = -527 + 575. What is the remainder when 231 is divided by w?
39
What is the remainder when 68 is divided by (704/(-66))/(-8)*3/2?
0
Let h(g) = -g**3 - 32*g**2 - 177*g - 2. Suppose 0 = -3*d - 2 + 44. Calculate the remainder when h(-6) is divided by d.
12
Let u(w) = w**3 - 3*w**2 + 37. Calculate the remainder when 146 is divided by u(0).
35
Let q(r) = r**2 - 2*r - 247. Calculate the remainder when 123 is divided by q(-15).
3
Let v = -68 - -89. What is the remainder when 104 is divided by v?
20
Suppose 0 = f + 5*n - 151, 13 + 2 = 3*n. Suppose 5*h - 153 - 62 = 0. Calculate the remainder when f is divided by h.
40
Calculate the remainder when (-5 - 37/(-3))/(10/15) is divided by 8.
3
Let u(r) = -r**2 - 17*r - 18. Let q be u(-16). Let y(m) = 5*m**2 + 2*m - 1. What is the remainder when y(q) is divided by 9?
6
Suppose -m = 3*c - 2*m - 22, 0 = 5*c - 3*m - 38. Suppose -c*t = -t - 108. Calculate the remainder when t is divided by 6.
0
Let g(r) = -36*r + 24. Let x be g(4). Let p = x + 171. Calculate the remainder when p is divided by 18.
15
Let g = 561 - 303. Calculate the remainder when g is divided by 52.
50
Let u(o) = -3*o + 2. Let x be u(-2). What is the remainder when 59 is divided by ((-40)/6)/(x/(-24))?
19
Suppose -7*f = -13*f. Let u = -3 + 5. Suppose 0 = 4*h - 3*h - 4*a - 17, u*a + 2 = f. What is the remainder when h is divided by 8?
5
Suppose 2*w + 44 = 54. Suppose 0 = -w*x + 35 + 15. What is the remainder when 15 is divided by x?
5
Let o be -45*(-3)/(9/3). Let s = -12 + o. Let m(w) = w**3 + 16*w**2 - 19*w - 16. Calculate the remainder when s is divided by m(-17).
15
Let z(v) = 3*v + 138. What is the remainder when z(-30) is divided by 16?
0
Let f = -127 - -137. What is the remainder when -37*(0 + -1 + 0) is divided by f?
7
Let k = 248 - 166. What is the remainder when 154 is divided by k?
72
Suppose 9*o + 15 = 14*o, -3*x + 4*o = -210. Calculate the remainder when x is divided by 28.
18
Let d = -228 + 254. What is the remainder when 256 is divided by d?
22
Let h(y) = -44*y + 280. What is the remainder when 24 is divided by h(6)?
8
Let q be 116/16 + -5 + (-1)/4. Calculate the remainder when 90 - (-3)/(6/q) is divided by (-2 + 27 - 1) + -1.
22
Let k(c) = c**2 - 3*c. Let m be -3 + 2 + (0 - 2). Let r = 753 - 720. What is the remainder when r is divided by k(m)?
15
Suppose -47 = -4*k + 109. Suppose 72 = -3*o + 5*o. What is the remainder when o is divided by (k/(-6))/((-3)/6)?
10
Let k = 938 + -922. What is the remainder when 28 is divided by k?
12
Let q(t) = t**3 - 12*t**2 + 3*t + 24. Let y = -8 - -20. Calculate the remainder when q(y) is divided by 32.
28
Suppose -n + 2*a + 4 = 0, -2*a = 2*n + n - 52. Let v be 1256/n - 6/(-21). Suppose 3*u = v + 27. Calculate the remainder when u is divided by 21.
18
Suppose 4*c = 2*c + 48. Let s(g) = -g**3 + 6*g**2 + 24*g + 40. What is the remainder when c is divided by s(9)?
11
Suppose 2*l = 2*c + 2*c - 38, -5*c = -4*l - 40. Suppose -2*z - 4*g = 4, 0 = 9*z - 5*z + 3*g - c. Calculate the remainder when 34 is divided by z.
4
What is the remainder when 9/(-6)*(-1812)/18 is divided by 18?
7
Let w = -17 - -31. Suppose 4 = -5*y + 6*y. Suppose -5*m = -y*m - 8. Calculate the remainder when w is divided by m.
6
Let d(q) = q**2 + 2*q - 6. Suppose v = 5*y + 35, 1 = -2*v - 5*y + 11. What is the remainder when d(-8) is divided by v?
12
Let r be (-2)/11 - 1456/(-143). Suppose l - r = -4*l. What is the remainder when 6 is divided by l?
0
Let w be (-11)/2*-1*(22 - 0). Suppose -3*n = -5*o + 308 - 15, 2*o - 5*n - w = 0. Calculate the remainder when o is divided by 31.
27
Let q(i) = i**2 - 9*i + 1. Let a be q(6). Let u = a - -38. Calculate the remainder when 81 is divided by u.
18
Calculate the remainder when 894 is divided by (-15)/(-165) + 1845/33.
54
Suppose 1 = -d - 4*r - 4, 1 = d - 2*r. Let w(k) = -12*k**3 - 1. What is the remainder when w(d) is divided by 6?
5
Let x(u) = 2*u**2 + 14*u + 7. Let g be x(-7). Suppose -g*a - 28 = -11*a. Calculate the remainder when 34 is divided by a.
6
Suppose 11 + 34 = 5*l + p, 3*l - 20 = -2*p. What is the remainder when l is divided by 6?
4
Suppose 2*c - 16 = -y, c + 10 = 4*y - 9. Let a(n) = n - 4. Let d be a(8). Suppose -d*l - 187 = -15*l. Calculate the remainder when l is divided by y.
5
Let h(x) = 2*x - 2 + 11*x + 9 - x**3 - 9*x**2 - 2*x. Let o be h(-10). Calculate the remainder when -13*(0 + (o - -2)) is divided by 5.
3
Suppose 0 = 717*g - 720*g + 132. What is the remainder when g is divided by 5?
4
Let u(j) = j**3 + 32*j**2 - 7*j - 166. Calculate the remainder when 181 is divided by u(-32).
7
Let h = -11 - -9. Let m be 106/8 + h/8. Suppose -2*a - m - 3 = -s, -39 = -3*s + 3*a. Calculate the remainder when 17 is divided by s.
7
Suppose -35*c + 33 = -34*c. What is the remainder when 131 is divided by c?
32
Suppose -72 = 5*t - 222. Let s(v) = -6*v**3 + 88*v**2 + 33*v - 38. What is the remainder when t is divided by s(15)?
2
Let h = 709 + -503. What is the remainder when h is divided by 14?
10
Suppose -5*p + 93 = -12. What is the remainder when p is divided by 6?
3
Let g = -18 - -69. Calculate the remainder when g is divided by 13.
12
Let a(b) = b**3 - 24*b**2 + 23*b + 46. What is the remainder when 175 is divided by a(23)?
37
Suppose -t - 2*d = -5, -5*t + 4*d - 2*d + 85 = 0. What is the remainder when t is divided by 9?
6
Let x(p) = 2*p + 1. Let t be x(9). Suppose 4*m - 4*b - 8 - 4 = 0, 4*m + 3*b - t = 0. Suppose 21 = m*v - 99. Calculate the remainder when 87 is divided by v.
27
Suppose 8*b - 42 = 30. What is the remainder when (2/(-4) - -2)*156/b is divided by 14?
12
Suppose 0 = 2*m - 3*m. Let f be m/(0 + 3 + -5). Suppose f = -4*s + 3*s + 10. What is the remainder when 18 is divided by s?
8
Suppose -49 - 75 = -t - 4*l, -451 = -4*t - l. Calculate the remainder when t is divided by 27.
4
Let l = 20 + -12. What is the remainder when (10/5)/l*356 is divided by 23?
20
Let v be (-4)/(-12) - (-143)/3. Let l = v - 32. What is the remainder when 60 is divided by l?
12
Let b = 433 - 84. Suppose -203 = -3*s + 4*y, 6*y - 2*y = -5*s + b. Calculate the remainder when s is divided by 25.
19
Suppose -160 = -5*s - f, -2*s + 5*s = -5*f + 74. Let h = s + -21. Calculate the remainder when 74 is divided by 222/h - (-1)/2.
17
Let n be ((-48)/84)/(2/(-7)). Suppose w + 2*u = 34, -3*w - n*u + 3*u + 67 = 0. Suppose v + 14 = 2*v. What is the remainder when w is divided by v?
10
Suppose 0 = 17*t - 770 - 403. What is the remainder when 212 is divided by t?
5
Suppose 50 = 5*c - 270. Let l(s) = s**3 + 3*s**2 - 2*s + 6. Let u be l(-4). Let j(h) = -9*h - 5. What is the remainder when c is divided by j(u)?
12
Let t be -18*((-20)/6)/5. Calculate the remainder when ((-18)/t)/(1/(-40)) is divided by 21.
18
Suppose 0 = 3*x - v - 38, -x - 2*x = v - 46. Calculate the remainder when 1